{"id":747,"date":"2021-08-18T07:38:12","date_gmt":"2021-08-18T07:38:12","guid":{"rendered":"https:\/\/anadoluvakfi.com\/anadolu-ay-yayinlari-copy\/"},"modified":"2024-12-31T07:37:34","modified_gmt":"2024-12-31T07:37:34","slug":"anadolu-sanat-ve-edebiyat-toplulugu","status":"publish","type":"page","link":"https:\/\/anadoluvakfi.org\/?page_id=747","title":{"rendered":"Anadolu Sanat ve Edebiyat Toplulu\u011fu (ANSET)"},"content":{"rendered":"\t\t<div data-elementor-type=\"wp-page\" data-elementor-id=\"747\" class=\"elementor elementor-747\">\n\t\t\t\t\t\t<section class=\"elementor-section elementor-top-section elementor-element elementor-element-4e9bf7d elementor-section-boxed elementor-section-height-default elementor-section-height-default\" data-id=\"4e9bf7d\" data-element_type=\"section\" data-e-type=\"section\">\n\t\t\t\t\t\t<div class=\"elementor-container elementor-column-gap-default\">\n\t\t\t\t\t<div class=\"elementor-column elementor-col-100 elementor-top-column elementor-element elementor-element-e311839\" data-id=\"e311839\" data-element_type=\"column\" data-e-type=\"column\">\n\t\t\t<div class=\"elementor-widget-wrap elementor-element-populated\">\n\t\t\t\t\t\t<div class=\"elementor-element elementor-element-760c2bb elementor-widget elementor-widget-heading\" data-id=\"760c2bb\" data-element_type=\"widget\" data-e-type=\"widget\" data-widget_type=\"heading.default\">\n\t\t\t\t<div class=\"elementor-widget-container\">\n\t\t\t\t\t<h3 class=\"elementor-heading-title elementor-size-default\">Anadolu Sanat ve Edebiyat Toplulu\u011fu<\/h3>\t\t\t\t<\/div>\n\t\t\t\t<\/div>\n\t\t\t\t\t<\/div>\n\t\t<\/div>\n\t\t\t\t\t<\/div>\n\t\t<\/section>\n\t\t\t\t<section class=\"elementor-section elementor-top-section elementor-element elementor-element-a807754 elementor-section-boxed elementor-section-height-default elementor-section-height-default\" data-id=\"a807754\" data-element_type=\"section\" data-e-type=\"section\">\n\t\t\t\t\t\t<div class=\"elementor-container elementor-column-gap-default\">\n\t\t\t\t\t<div class=\"elementor-column elementor-col-50 elementor-top-column elementor-element elementor-element-5d1f493\" data-id=\"5d1f493\" data-element_type=\"column\" data-e-type=\"column\">\n\t\t\t<div class=\"elementor-widget-wrap elementor-element-populated\">\n\t\t\t\t\t\t<div class=\"elementor-element elementor-element-b5ad30c elementor-widget elementor-widget-image\" data-id=\"b5ad30c\" data-element_type=\"widget\" data-e-type=\"widget\" data-widget_type=\"image.default\">\n\t\t\t\t<div class=\"elementor-widget-container\">\n\t\t\t\t\t\t\t\t\t\t\t\t\t\t\t<img decoding=\"async\" width=\"300\" height=\"129\" src=\"https:\/\/anadoluvakfi.org\/wp-content\/uploads\/2021\/08\/anadolu_vakfi_logolar-02-1-300x129.jpg\" class=\"attachment-medium size-medium wp-image-878\" alt=\"\" srcset=\"https:\/\/anadoluvakfi.org\/wp-content\/uploads\/2021\/08\/anadolu_vakfi_logolar-02-1-300x129.jpg 300w, https:\/\/anadoluvakfi.org\/wp-content\/uploads\/2021\/08\/anadolu_vakfi_logolar-02-1.jpg 766w\" sizes=\"(max-width: 300px) 100vw, 300px\" \/>\t\t\t\t\t\t\t\t\t\t\t\t\t\t\t<\/div>\n\t\t\t\t<\/div>\n\t\t\t\t\t<\/div>\n\t\t<\/div>\n\t\t\t\t<div class=\"elementor-column elementor-col-50 elementor-top-column elementor-element elementor-element-8adeeef\" data-id=\"8adeeef\" data-element_type=\"column\" data-e-type=\"column\">\n\t\t\t<div class=\"elementor-widget-wrap elementor-element-populated\">\n\t\t\t\t\t\t<div class=\"elementor-element elementor-element-ffd81c4 elementor-widget elementor-widget-text-editor\" data-id=\"ffd81c4\" data-element_type=\"widget\" data-e-type=\"widget\" data-widget_type=\"text-editor.default\">\n\t\t\t\t<div class=\"elementor-widget-container\">\n\t\t\t\t\t\t\t\t\t<p>Anadolu Sanat ve Edebiyat Toplulu\u011fu, \u00fclkemizin sanat, edebiyat alan\u0131nda isim yapm\u0131\u015f \u00f6nemli uzman \u015fahsiyetlerini bulu\u015fturmak, sanat faaliyetlerini koordine etmek, y\u00fcr\u00fctmek ve yeni edebiyat\u00e7\u0131 ve sanat\u00e7\u0131lar\u0131n yeti\u015ftirilmesine rehberlik edecek \u00e7al\u0131\u015fmalar yapmak \u00fczere olu\u015fturulmu\u015f bir kuruldur.<\/p>\t\t\t\t\t\t\t\t<\/div>\n\t\t\t\t<\/div>\n\t\t\t\t\t<\/div>\n\t\t<\/div>\n\t\t\t\t\t<\/div>\n\t\t<\/section>\n\t\t\t\t<section class=\"elementor-section elementor-top-section elementor-element elementor-element-18a9bfa elementor-section-boxed elementor-section-height-default elementor-section-height-default\" data-id=\"18a9bfa\" data-element_type=\"section\" data-e-type=\"section\">\n\t\t\t\t\t\t<div class=\"elementor-container elementor-column-gap-default\">\n\t\t\t\t\t<div class=\"elementor-column elementor-col-100 elementor-top-column elementor-element elementor-element-b96c9eb\" data-id=\"b96c9eb\" data-element_type=\"column\" data-e-type=\"column\">\n\t\t\t<div class=\"elementor-widget-wrap elementor-element-populated\">\n\t\t\t\t\t\t<div class=\"elementor-element elementor-element-321e9d2 elementor-widget elementor-widget-text-editor\" data-id=\"321e9d2\" data-element_type=\"widget\" data-e-type=\"widget\" data-widget_type=\"text-editor.default\">\n\t\t\t\t<div class=\"elementor-widget-container\">\n\t\t\t\t\t\t\t\t\t<p><strong>ANADOLU E\u011e\u0130T\u0130M K\u00dcLT\u00dcR VE B\u0130L\u0130M VAKFI<br \/><\/strong><strong>ANADOLU SANAT VE EDEB\u0130YAT TOPLULU\u011eU (ANSET)<br \/>\u00dcYELER\u0130<\/strong><\/p><p>Halil KAYA (Ba\u015fkan)<\/p><p>1 &#8211; Abdulkadir T\u00dcRK<br \/>2 &#8211; Abdurrahman\u00a0 ZEYNAL<br \/>3 &#8211; Adnan YILDIRIM<br \/>4 &#8211; Ahmet DO\u011eRU<br \/>5 &#8211; Ahmet ERDAL<br \/>6 &#8211; Ahmet EFE<br \/>7 &#8211; Ahmet SARGIN<br \/>8 &#8211; Ahmet Hamdi EK\u0130ZER<br \/>9 &#8211; Ahmet Kas\u0131m \u00d6ZKAN<br \/>10 &#8211; Ali AY<br \/>11 &#8211; Alim KORKMAZ<br \/>12 &#8211; Ayd\u0131n \u015eIK<br \/>13 &#8211; Ay\u015fe BULU\u00c7<br \/>14 &#8211; Bestami YAZGAN<br \/>15 &#8211; Caner ARABACI (Do\u00e7. Dr.)<br \/>16 &#8211; Cemil KILI\u00c7ASLAN<br \/>17 &#8211; Durdu \u015eAH\u0130N<br \/>18 &#8211; Edip Ahmet CEYLAN<br \/>19 &#8211; Enver \u00d6ZEL<br \/>20 &#8211; Ercan G\u00dcLEN<br \/>21 &#8211; Erol G\u00dcROL<br \/>22 &#8211; Faruk BA\u015eO\u011eLU<br \/>23 &#8211; Ferhat S\u00dcRMEL\u0130<br \/>24 &#8211; Furkan Fevzi DEL\u0130<br \/>25 &#8211; Hac\u0131 \u00d6mer G\u00dcLSEREN<br \/>26 &#8211; Hac\u0131 Tar\u0131k \u015eAH\u0130N<br \/>27 &#8211; Hakk\u0131 Mehmet YANMAZ<br \/>28 &#8211; Halil KAYA<br \/>29 &#8211; Halil Basri ULU\u011e<br \/>30 &#8211; Hamit YAL\u00c7IN<br \/>31 &#8211; Harun Emre KARADA\u011e<br \/>32 &#8211; Hasan MUTLUO\u011eLU<br \/>33 &#8211; Hasan KARAL<br \/>34 &#8211; Hasan YA\u011eDIRAN<br \/>35 &#8211; Hayrettin DURMU\u015e<br \/>36 &#8211; Hilmi DEM\u0130R ( Prof. Dr. )<br \/>37 &#8211; H\u00fcseyin AYAZ<br \/>38 &#8211; \u0130brahim G\u00dcLSU<br \/>39 &#8211; \u0130brahim KUMA\u015e<br \/>40 &#8211; \u0130dris DO\u011eAN<br \/>41 &#8211; \u0130lhan AKKURT<br \/>42 &#8211; \u0130sa KELE\u015e<br \/>43 &#8211; \u0130smail AYDIN<br \/>44 &#8211; Kerem ALTUN<br \/>45 &#8211; Mehmet AYCI<br \/>46 &#8211; Mevl\u00fct AYHAN<br \/>47 &#8211; Murat TOPTA\u015e<br \/>48 &#8211; Musa DO\u011eRUER<br \/>49 &#8211; Mustafa YILDIZ<br \/>50 &#8211; Mustafa AYDIN ( Prof. Dr. )<br \/>51 &#8211; Mustafa \u00d6kke\u015f EVREN<br \/>52 &#8211; Nebil ALPARSLAN<br \/>53 &#8211; Necati KIRI\u015e<br \/>54 &#8211; Necmettin T\u00dcR\u0130NAY ( Do\u00e7. Dr. )<br \/>55 &#8211; Nurullah \u00d6P\u00d6Z<br \/>56 &#8211; Osman YILMAZ<br \/>57 &#8211; Osman ARSLAN<br \/>58 &#8211; \u00d6mer KARA<br \/>59 &#8211; \u00d6mer VAROL<br \/>60 &#8211; \u00d6mer KARATA\u015e<br \/>61 &#8211; \u00d6zcan KARTAL<br \/>62 &#8211; Ramazan T\u00dcRKMEN<br \/>63 &#8211; Reyyan G\u00dcROL<br \/>64 &#8211; Sabri ESEN<br \/>65 &#8211; Sabri TURHAN<br \/>66 &#8211; Sad\u0131k \u015eENKAYA<br \/>67 &#8211; Servet ALAN<br \/>68 &#8211; Sinan BA\u015eAK<br \/>69 &#8211; \u015eakir ALBAYRAK<br \/>70 &#8211; \u015eazeli \u00c7\u00dcGEN<br \/>71 &#8211; \u015e\u00fckr\u00fc \u00dcNAL<br \/>72 &#8211; Tayyip ATMACA<br \/>73 &#8211; Tevfik Ya\u015far TEKEL\u0130<br \/>74 &#8211; Turan KAYA<br \/>75 &#8211; Turgut \u015eAH\u0130N<br \/>76 &#8211; Veli U\u00c7MAZ<br \/>77 &#8211; Yetkin D\u0130LEK<br \/>78 &#8211; Yusuf DURSUN<\/p>\t\t\t\t\t\t\t\t<\/div>\n\t\t\t\t<\/div>\n\t\t\t\t\t<\/div>\n\t\t<\/div>\n\t\t\t\t\t<\/div>\n\t\t<\/section>\n\t\t\t\t<\/div>\n\t\t","protected":false},"excerpt":{"rendered":"<p>Anadolu Sanat ve Edebiyat Toplulu\u011fu Anadolu Sanat ve Edebiyat Toplulu\u011fu, \u00fclkemizin sanat, edebiyat alan\u0131nda isim yapm\u0131\u015f \u00f6nemli uzman \u015fahsiyetlerini bulu\u015fturmak, sanat faaliyetlerini koordine etmek, y\u00fcr\u00fctmek ve yeni edebiyat\u00e7\u0131 ve sanat\u00e7\u0131lar\u0131n yeti\u015ftirilmesine rehberlik edecek \u00e7al\u0131\u015fmalar yapmak \u00fczere olu\u015fturulmu\u015f bir kuruldur. ANADOLU E\u011e\u0130T\u0130M K\u00dcLT\u00dcR VE B\u0130L\u0130M VAKFIANADOLU SANAT VE EDEB\u0130YAT TOPLULU\u011eU (ANSET)\u00dcYELER\u0130 Halil KAYA (Ba\u015fkan) 1 &#8211; [&hellip;]<\/p>\n<div class=\"pvc_clear\"><\/div>\n<p id=\"pvc_stats_747\" class=\"pvc_stats total_only  \" data-element-id=\"747\" style=\"\"><i class=\"pvc-stats-icon medium\" aria-hidden=\"true\"><svg aria-hidden=\"true\" focusable=\"false\" data-prefix=\"far\" data-icon=\"chart-bar\" role=\"img\" xmlns=\"http:\/\/www.w3.org\/2000\/svg\" viewBox=\"0 0 512 512\" class=\"svg-inline--fa fa-chart-bar fa-w-16 fa-2x\"><path fill=\"currentColor\" d=\"M396.8 352h22.4c6.4 0 12.8-6.4 12.8-12.8V108.8c0-6.4-6.4-12.8-12.8-12.8h-22.4c-6.4 0-12.8 6.4-12.8 12.8v230.4c0 6.4 6.4 12.8 12.8 12.8zm-192 0h22.4c6.4 0 12.8-6.4 12.8-12.8V140.8c0-6.4-6.4-12.8-12.8-12.8h-22.4c-6.4 0-12.8 6.4-12.8 12.8v198.4c0 6.4 6.4 12.8 12.8 12.8zm96 0h22.4c6.4 0 12.8-6.4 12.8-12.8V204.8c0-6.4-6.4-12.8-12.8-12.8h-22.4c-6.4 0-12.8 6.4-12.8 12.8v134.4c0 6.4 6.4 12.8 12.8 12.8zM496 400H48V80c0-8.84-7.16-16-16-16H16C7.16 64 0 71.16 0 80v336c0 17.67 14.33 32 32 32h464c8.84 0 16-7.16 16-16v-16c0-8.84-7.16-16-16-16zm-387.2-48h22.4c6.4 0 12.8-6.4 12.8-12.8v-70.4c0-6.4-6.4-12.8-12.8-12.8h-22.4c-6.4 0-12.8 6.4-12.8 12.8v70.4c0 6.4 6.4 12.8 12.8 12.8z\" class=\"\"><\/path><\/svg><\/i> <img decoding=\"async\" width=\"16\" height=\"16\" alt=\"Loading\" src=\"https:\/\/anadoluvakfi.org\/wp-content\/plugins\/page-views-count\/ajax-loader-2x.gif\" border=0 \/><\/p>\n<div class=\"pvc_clear\"><\/div>\n","protected":false},"author":1,"featured_media":0,"parent":0,"menu_order":0,"comment_status":"closed","ping_status":"closed","template":"","meta":{"_acf_changed":false,"_monsterinsights_skip_tracking":false,"_monsterinsights_sitenote_active":false,"_monsterinsights_sitenote_note":"","_monsterinsights_sitenote_category":0,"footnotes":""},"class_list":["post-747","page","type-page","status-publish","hentry"],"acf":[],"aioseo_notices":[],"wpmagazine_modules_lite_featured_media_urls":{"thumbnail":"","cvmm-medium":"","cvmm-medium-plus":"","cvmm-portrait":"","cvmm-medium-square":"","cvmm-large":"","cvmm-small":"","full":""},"categories_names":null,"comments_number":"0","_links":{"self":[{"href":"https:\/\/anadoluvakfi.org\/index.php?rest_route=\/wp\/v2\/pages\/747","targetHints":{"allow":["GET"]}}],"collection":[{"href":"https:\/\/anadoluvakfi.org\/index.php?rest_route=\/wp\/v2\/pages"}],"about":[{"href":"https:\/\/anadoluvakfi.org\/index.php?rest_route=\/wp\/v2\/types\/page"}],"author":[{"embeddable":true,"href":"https:\/\/anadoluvakfi.org\/index.php?rest_route=\/wp\/v2\/users\/1"}],"replies":[{"embeddable":true,"href":"https:\/\/anadoluvakfi.org\/index.php?rest_route=%2Fwp%2Fv2%2Fcomments&post=747"}],"version-history":[{"count":14,"href":"https:\/\/anadoluvakfi.org\/index.php?rest_route=\/wp\/v2\/pages\/747\/revisions"}],"predecessor-version":[{"id":10329,"href":"https:\/\/anadoluvakfi.org\/index.php?rest_route=\/wp\/v2\/pages\/747\/revisions\/10329"}],"wp:attachment":[{"href":"https:\/\/anadoluvakfi.org\/index.php?rest_route=%2Fwp%2Fv2%2Fmedia&parent=747"}],"curies":[{"name":"wp","href":"https:\/\/api.w.org\/{rel}","templated":true}]}}